{"id":5921,"date":"2025-04-15T17:15:39","date_gmt":"2025-04-15T15:15:39","guid":{"rendered":"https:\/\/awamamenities.com\/maroc\/?page_id=5921"},"modified":"2025-08-18T15:26:38","modified_gmt":"2025-08-18T13:26:38","slug":"complements","status":"publish","type":"page","link":"https:\/\/awamamenities.com\/maroc\/complements\/","title":{"rendered":"Complements"},"content":{"rendered":"\t\t<div data-elementor-type=\"wp-page\" data-elementor-id=\"5921\" class=\"elementor elementor-5921\">\n\t\t\t\t\t\t<section class=\"elementor-section elementor-top-section elementor-element elementor-element-fd04600 elementor-section-height-min-height elementor-section-boxed elementor-section-height-default elementor-section-items-middle wpr-particle-no wpr-jarallax-no wpr-parallax-no wpr-sticky-section-no\" data-id=\"fd04600\" data-element_type=\"section\" data-settings=\"{&quot;background_background&quot;:&quot;classic&quot;}\">\n\t\t\t\t\t\t\t<div class=\"elementor-background-overlay\"><\/div>\n\t\t\t\t\t\t\t<div class=\"elementor-container elementor-column-gap-extended\">\n\t\t\t\t\t<div class=\"elementor-column elementor-col-100 elementor-top-column elementor-element elementor-element-37e0c08\" data-id=\"37e0c08\" data-element_type=\"column\">\n\t\t\t<div class=\"elementor-widget-wrap elementor-element-populated\">\n\t\t\t\t\t\t<div class=\"elementor-element elementor-element-c92bf20 elementor-widget__width-initial elementor-widget-mobile__width-initial elementor-widget elementor-widget-heading\" data-id=\"c92bf20\" data-element_type=\"widget\" data-widget_type=\"heading.default\">\n\t\t\t\t<div class=\"elementor-widget-container\">\n\t\t\t\t\t<h1 class=\"elementor-heading-title elementor-size-default\">Complements<\/h1>\t\t\t\t<\/div>\n\t\t\t\t<\/div>\n\t\t\t\t<div class=\"elementor-element elementor-element-d846e31 elementor-widget__width-initial elementor-widget-mobile_extra__width-initial elementor-widget-mobile__width-initial elementor-widget elementor-widget-text-editor\" data-id=\"d846e31\" data-element_type=\"widget\" data-widget_type=\"text-editor.default\">\n\t\t\t\t<div class=\"elementor-widget-container\">\n\t\t\t\t\t\t\t\t\t<p>Faites le choix de la performance, de l\u2019hygi\u00e8ne et<br \/>du d\u00e9veloppement durable avec AWAM Amenities.<\/p>\t\t\t\t\t\t\t\t<\/div>\n\t\t\t\t<\/div>\n\t\t\t\t\t<\/div>\n\t\t<\/div>\n\t\t\t\t\t<\/div>\n\t\t<\/section>\n\t\t        <div class=\"elementor-element elementor-element-a915b3b e-flex e-con-boxed wpr-particle-no wpr-jarallax-no wpr-parallax-no wpr-sticky-section-no e-con e-parent\" data-id=\"a915b3b\" data-element_type=\"container\">\n\t\t\t\t\t<div class=\"e-con-inner\">\n\t\t\t\t<div class=\"elementor-element elementor-element-a23dbac elementor-widget elementor-widget-spacer\" data-id=\"a23dbac\" data-element_type=\"widget\" data-widget_type=\"spacer.default\">\n\t\t\t\t<div class=\"elementor-widget-container\">\n\t\t\t\t\t\t\t<div class=\"elementor-spacer\">\n\t\t\t<div class=\"elementor-spacer-inner\"><\/div>\n\t\t<\/div>\n\t\t\t\t\t\t<\/div>\n\t\t\t\t<\/div>\n\t\t\t\t<div class=\"elementor-element elementor-element-f533de9 elementor-widget elementor-widget-heading\" data-id=\"f533de9\" data-element_type=\"widget\" data-widget_type=\"heading.default\">\n\t\t\t\t<div class=\"elementor-widget-container\">\n\t\t\t\t\t<h2 class=\"elementor-heading-title elementor-size-default\">Hygi\u00e8ne professionnelle et qualit\u00e9 optimale<\/h2>\t\t\t\t<\/div>\n\t\t\t\t<\/div>\n\t\t\t\t<div class=\"elementor-element elementor-element-593b426 elementor-widget__width-initial elementor-widget elementor-widget-text-editor\" data-id=\"593b426\" data-element_type=\"widget\" data-widget_type=\"text-editor.default\">\n\t\t\t\t<div class=\"elementor-widget-container\">\n\t\t\t\t\t\t\t\t\t AWAM Amenities Maroc est le distributeur officiel des gammes professionnelles de Kimberly-Clark Professional \n(Kleenex, Scott, WypAll\u2026) au Maroc. Nous proposons des solutions de papier adapt\u00e9es \u00e0 tous les environnements \nprofessionnels : h\u00f4tellerie, restauration, bureaux, \u00e9tablissements de sant\u00e9, secteur agro-alimentaire, etc\t\t\t\t\t\t\t\t<\/div>\n\t\t\t\t<\/div>\n\t\t\t\t<div class=\"elementor-element elementor-element-3ca109f elementor-widget elementor-widget-menu-anchor\" data-id=\"3ca109f\" data-element_type=\"widget\" data-widget_type=\"menu-anchor.default\">\n\t\t\t\t<div class=\"elementor-widget-container\">\n\t\t\t\t\t\t\t<div class=\"elementor-menu-anchor\" id=\"papier-toilette\"><\/div>\n\t\t\t\t\t\t<\/div>\n\t\t\t\t<\/div>\n\t\t\t\t<div class=\"elementor-element elementor-element-fed1391 elementor-widget elementor-widget-heading\" data-id=\"fed1391\" data-element_type=\"widget\" data-widget_type=\"heading.default\">\n\t\t\t\t<div class=\"elementor-widget-container\">\n\t\t\t\t\t<h3 class=\"elementor-heading-title elementor-size-default\"> Papier toilette : Rouleaux standard ou jumbo, \u00e0 1 ou 2 plis, biod\u00e9gradables\n<\/h3>\t\t\t\t<\/div>\n\t\t\t\t<\/div>\n\t\t\t\t\t<\/div>\n\t\t\t\t<\/div>\n\t\t<div class=\"elementor-element elementor-element-3489964 e-grid e-con-boxed wpr-particle-no wpr-jarallax-no wpr-parallax-no wpr-sticky-section-no e-con e-parent\" data-id=\"3489964\" data-element_type=\"container\">\n\t\t\t\t\t<div class=\"e-con-inner\">\n\t\t<div class=\"elementor-element elementor-element-c176bb4 e-con-full e-flex wpr-particle-no wpr-jarallax-no wpr-parallax-no wpr-sticky-section-no e-con e-child\" data-id=\"c176bb4\" data-element_type=\"container\">\n\t\t\t\t<div class=\"elementor-element elementor-element-92375f8 elementor-position-top elementor-widget elementor-widget-image-box\" data-id=\"92375f8\" data-element_type=\"widget\" data-widget_type=\"image-box.default\">\n\t\t\t\t<div class=\"elementor-widget-container\">\n\t\t\t\t\t<div class=\"elementor-image-box-wrapper\"><figure class=\"elementor-image-box-img\"><img fetchpriority=\"high\" decoding=\"async\" width=\"694\" height=\"920\" src=\"https:\/\/awamamenities.com\/maroc\/wp-content\/uploads\/2025\/08\/4838.png\" class=\"attachment-full size-full wp-image-9252\" alt=\"\" srcset=\"https:\/\/awamamenities.com\/maroc\/wp-content\/uploads\/2025\/08\/4838.png 694w, https:\/\/awamamenities.com\/maroc\/wp-content\/uploads\/2025\/08\/4838-226x300.png 226w, https:\/\/awamamenities.com\/maroc\/wp-content\/uploads\/2025\/08\/4838-200x266.png 200w\" sizes=\"(max-width: 694px) 100vw, 694px\" \/><\/figure><div class=\"elementor-image-box-content\"><p class=\"elementor-image-box-description\">Rouleaux papier toilette \n<br>\nKLEENEX\u00ae 250 - Petit rouleau<br>\n<\/p><\/div><\/div>\t\t\t\t<\/div>\n\t\t\t\t<\/div>\n\t\t\t\t<\/div>\n\t\t<div class=\"elementor-element elementor-element-815d37b e-con-full e-flex wpr-particle-no wpr-jarallax-no wpr-parallax-no wpr-sticky-section-no e-con e-child\" data-id=\"815d37b\" data-element_type=\"container\">\n\t\t\t\t<div class=\"elementor-element elementor-element-27cb930 elementor-position-top elementor-widget elementor-widget-image-box\" data-id=\"27cb930\" data-element_type=\"widget\" data-widget_type=\"image-box.default\">\n\t\t\t\t<div class=\"elementor-widget-container\">\n\t\t\t\t\t<div class=\"elementor-image-box-wrapper\"><figure class=\"elementor-image-box-img\"><img decoding=\"async\" width=\"694\" height=\"920\" src=\"https:\/\/awamamenities.com\/maroc\/wp-content\/uploads\/2025\/08\/Plan-de-travail-4-copie@2x-1.png\" class=\"attachment-full size-full wp-image-9359\" alt=\"\" srcset=\"https:\/\/awamamenities.com\/maroc\/wp-content\/uploads\/2025\/08\/Plan-de-travail-4-copie@2x-1.png 694w, https:\/\/awamamenities.com\/maroc\/wp-content\/uploads\/2025\/08\/Plan-de-travail-4-copie@2x-1-226x300.png 226w, https:\/\/awamamenities.com\/maroc\/wp-content\/uploads\/2025\/08\/Plan-de-travail-4-copie@2x-1-200x266.png 200w\" sizes=\"(max-width: 694px) 100vw, 694px\" \/><\/figure><div class=\"elementor-image-box-content\"><p class=\"elementor-image-box-description\"> Papier Toilette Pli\u00e9  <br>\n KLEENEX\u00ae ULTRA 36 <br>\n<\/p><\/div><\/div>\t\t\t\t<\/div>\n\t\t\t\t<\/div>\n\t\t\t\t<\/div>\n\t\t\t\t\t<\/div>\n\t\t\t\t<\/div>\n\t\t<div class=\"elementor-element elementor-element-d25b96a e-flex e-con-boxed wpr-particle-no wpr-jarallax-no wpr-parallax-no wpr-sticky-section-no e-con e-parent\" data-id=\"d25b96a\" data-element_type=\"container\">\n\t\t\t\t\t<div class=\"e-con-inner\">\n\t\t\t\t<div class=\"elementor-element elementor-element-4981647 elementor-widget elementor-widget-spacer\" data-id=\"4981647\" data-element_type=\"widget\" data-widget_type=\"spacer.default\">\n\t\t\t\t<div class=\"elementor-widget-container\">\n\t\t\t\t\t\t\t<div class=\"elementor-spacer\">\n\t\t\t<div class=\"elementor-spacer-inner\"><\/div>\n\t\t<\/div>\n\t\t\t\t\t\t<\/div>\n\t\t\t\t<\/div>\n\t\t\t\t<div class=\"elementor-element elementor-element-4dcaff2 elementor-widget elementor-widget-menu-anchor\" data-id=\"4dcaff2\" data-element_type=\"widget\" data-widget_type=\"menu-anchor.default\">\n\t\t\t\t<div class=\"elementor-widget-container\">\n\t\t\t\t\t\t\t<div class=\"elementor-menu-anchor\" id=\"essuie-mains\"><\/div>\n\t\t\t\t\t\t<\/div>\n\t\t\t\t<\/div>\n\t\t\t\t<div class=\"elementor-element elementor-element-3db5a74 elementor-widget elementor-widget-heading\" data-id=\"3db5a74\" data-element_type=\"widget\" data-widget_type=\"heading.default\">\n\t\t\t\t<div class=\"elementor-widget-container\">\n\t\t\t\t\t<h3 class=\"elementor-heading-title elementor-size-default\"> Essuie-mains : Rouleaux auto-d\u00e9coupant<\/h3>\t\t\t\t<\/div>\n\t\t\t\t<\/div>\n\t\t\t\t\t<\/div>\n\t\t\t\t<\/div>\n\t\t<div class=\"elementor-element elementor-element-9cf6bb4 e-grid e-con-boxed wpr-particle-no wpr-jarallax-no wpr-parallax-no wpr-sticky-section-no e-con e-parent\" data-id=\"9cf6bb4\" data-element_type=\"container\">\n\t\t\t\t\t<div class=\"e-con-inner\">\n\t\t<div class=\"elementor-element elementor-element-f7b8bd2 e-con-full e-flex wpr-particle-no wpr-jarallax-no wpr-parallax-no wpr-sticky-section-no e-con e-child\" data-id=\"f7b8bd2\" data-element_type=\"container\">\n\t\t\t\t<div class=\"elementor-element elementor-element-16d69af elementor-position-top elementor-widget elementor-widget-image-box\" data-id=\"16d69af\" data-element_type=\"widget\" data-widget_type=\"image-box.default\">\n\t\t\t\t<div class=\"elementor-widget-container\">\n\t\t\t\t\t<div class=\"elementor-image-box-wrapper\"><figure class=\"elementor-image-box-img\"><img decoding=\"async\" width=\"694\" height=\"920\" src=\"https:\/\/awamamenities.com\/maroc\/wp-content\/uploads\/2025\/08\/Plan-de-travail-4-copie-2@2x.png\" class=\"attachment-full size-full wp-image-9200\" alt=\"\" srcset=\"https:\/\/awamamenities.com\/maroc\/wp-content\/uploads\/2025\/08\/Plan-de-travail-4-copie-2@2x.png 694w, https:\/\/awamamenities.com\/maroc\/wp-content\/uploads\/2025\/08\/Plan-de-travail-4-copie-2@2x-226x300.png 226w, https:\/\/awamamenities.com\/maroc\/wp-content\/uploads\/2025\/08\/Plan-de-travail-4-copie-2@2x-200x266.png 200w\" sizes=\"(max-width: 694px) 100vw, 694px\" \/><\/figure><div class=\"elementor-image-box-content\"><p class=\"elementor-image-box-description\"> Essuie-mains <br>\nSCOTT\u00ae SLIMROLL 6<br><\/p><\/div><\/div>\t\t\t\t<\/div>\n\t\t\t\t<\/div>\n\t\t\t\t<\/div>\n\t\t<div class=\"elementor-element elementor-element-77dbb12 e-con-full e-flex wpr-particle-no wpr-jarallax-no wpr-parallax-no wpr-sticky-section-no e-con e-child\" data-id=\"77dbb12\" data-element_type=\"container\">\n\t\t\t\t<div class=\"elementor-element elementor-element-d2a7b16 elementor-position-top elementor-widget elementor-widget-image-box\" data-id=\"d2a7b16\" data-element_type=\"widget\" data-widget_type=\"image-box.default\">\n\t\t\t\t<div class=\"elementor-widget-container\">\n\t\t\t\t\t<div class=\"elementor-image-box-wrapper\"><figure class=\"elementor-image-box-img\"><img loading=\"lazy\" decoding=\"async\" width=\"694\" height=\"920\" src=\"https:\/\/awamamenities.com\/maroc\/wp-content\/uploads\/2025\/08\/Plan-de-travail-4-copie-5@2x.png\" class=\"attachment-full size-full wp-image-9203\" alt=\"\" srcset=\"https:\/\/awamamenities.com\/maroc\/wp-content\/uploads\/2025\/08\/Plan-de-travail-4-copie-5@2x.png 694w, https:\/\/awamamenities.com\/maroc\/wp-content\/uploads\/2025\/08\/Plan-de-travail-4-copie-5@2x-226x300.png 226w, https:\/\/awamamenities.com\/maroc\/wp-content\/uploads\/2025\/08\/Plan-de-travail-4-copie-5@2x-200x266.png 200w\" sizes=\"(max-width: 694px) 100vw, 694px\" \/><\/figure><div class=\"elementor-image-box-content\"><p class=\"elementor-image-box-description\"> Essuie-mains  <br>\nSCOTT\u00ae SLIMROLL 6 <br><\/p><\/div><\/div>\t\t\t\t<\/div>\n\t\t\t\t<\/div>\n\t\t\t\t<\/div>\n\t\t<div class=\"elementor-element elementor-element-338b470 e-con-full e-flex wpr-particle-no wpr-jarallax-no wpr-parallax-no wpr-sticky-section-no e-con e-child\" data-id=\"338b470\" data-element_type=\"container\">\n\t\t\t\t<div class=\"elementor-element elementor-element-23747fb elementor-position-top elementor-widget elementor-widget-image-box\" data-id=\"23747fb\" data-element_type=\"widget\" data-widget_type=\"image-box.default\">\n\t\t\t\t<div class=\"elementor-widget-container\">\n\t\t\t\t\t<div class=\"elementor-image-box-wrapper\"><figure class=\"elementor-image-box-img\"><img loading=\"lazy\" decoding=\"async\" width=\"694\" height=\"920\" src=\"https:\/\/awamamenities.com\/maroc\/wp-content\/uploads\/2025\/08\/Plan-de-travail-4-copie-4@2x.png\" class=\"attachment-full size-full wp-image-9202\" alt=\"\" srcset=\"https:\/\/awamamenities.com\/maroc\/wp-content\/uploads\/2025\/08\/Plan-de-travail-4-copie-4@2x.png 694w, https:\/\/awamamenities.com\/maroc\/wp-content\/uploads\/2025\/08\/Plan-de-travail-4-copie-4@2x-226x300.png 226w, https:\/\/awamamenities.com\/maroc\/wp-content\/uploads\/2025\/08\/Plan-de-travail-4-copie-4@2x-200x266.png 200w\" sizes=\"(max-width: 694px) 100vw, 694px\" \/><\/figure><div class=\"elementor-image-box-content\"><p class=\"elementor-image-box-description\"> Essuie-mains <br>\nSCOTT\u00ae NO TOUCH <br><\/p><\/div><\/div>\t\t\t\t<\/div>\n\t\t\t\t<\/div>\n\t\t\t\t<\/div>\n\t\t<div class=\"elementor-element elementor-element-ba84623 e-con-full e-flex wpr-particle-no wpr-jarallax-no wpr-parallax-no wpr-sticky-section-no e-con e-child\" data-id=\"ba84623\" data-element_type=\"container\">\n\t\t\t\t<div class=\"elementor-element elementor-element-df1ecee elementor-position-top elementor-widget elementor-widget-image-box\" data-id=\"df1ecee\" data-element_type=\"widget\" data-widget_type=\"image-box.default\">\n\t\t\t\t<div class=\"elementor-widget-container\">\n\t\t\t\t\t<div class=\"elementor-image-box-wrapper\"><figure class=\"elementor-image-box-img\"><img loading=\"lazy\" decoding=\"async\" width=\"694\" height=\"920\" src=\"https:\/\/awamamenities.com\/maroc\/wp-content\/uploads\/2025\/08\/Plan-de-travail-4-copie-3@2x.png\" class=\"attachment-full size-full wp-image-9201\" alt=\"\" srcset=\"https:\/\/awamamenities.com\/maroc\/wp-content\/uploads\/2025\/08\/Plan-de-travail-4-copie-3@2x.png 694w, https:\/\/awamamenities.com\/maroc\/wp-content\/uploads\/2025\/08\/Plan-de-travail-4-copie-3@2x-226x300.png 226w, https:\/\/awamamenities.com\/maroc\/wp-content\/uploads\/2025\/08\/Plan-de-travail-4-copie-3@2x-200x266.png 200w\" sizes=\"(max-width: 694px) 100vw, 694px\" \/><\/figure><div class=\"elementor-image-box-content\"><p class=\"elementor-image-box-description\">Essuie-mains KLEENEX\u00ae <br>\nULTRA SOFT POP-UP - Enchev\u00eatr\u00e9s\n <br><\/p><\/div><\/div>\t\t\t\t<\/div>\n\t\t\t\t<\/div>\n\t\t\t\t<\/div>\n\t\t\t\t\t<\/div>\n\t\t\t\t<\/div>\n\t\t<div class=\"elementor-element elementor-element-776602e e-flex e-con-boxed wpr-particle-no wpr-jarallax-no wpr-parallax-no wpr-sticky-section-no e-con e-parent\" data-id=\"776602e\" data-element_type=\"container\">\n\t\t\t\t\t<div class=\"e-con-inner\">\n\t\t\t\t<div class=\"elementor-element elementor-element-3fc3e53 elementor-widget elementor-widget-spacer\" data-id=\"3fc3e53\" data-element_type=\"widget\" data-widget_type=\"spacer.default\">\n\t\t\t\t<div class=\"elementor-widget-container\">\n\t\t\t\t\t\t\t<div class=\"elementor-spacer\">\n\t\t\t<div class=\"elementor-spacer-inner\"><\/div>\n\t\t<\/div>\n\t\t\t\t\t\t<\/div>\n\t\t\t\t<\/div>\n\t\t\t\t<div class=\"elementor-element elementor-element-239df24 elementor-widget elementor-widget-menu-anchor\" data-id=\"239df24\" data-element_type=\"widget\" data-widget_type=\"menu-anchor.default\">\n\t\t\t\t<div class=\"elementor-widget-container\">\n\t\t\t\t\t\t\t<div class=\"elementor-menu-anchor\" id=\"mouchoirs\"><\/div>\n\t\t\t\t\t\t<\/div>\n\t\t\t\t<\/div>\n\t\t\t\t<div class=\"elementor-element elementor-element-2ff586f elementor-widget elementor-widget-heading\" data-id=\"2ff586f\" data-element_type=\"widget\" data-widget_type=\"heading.default\">\n\t\t\t\t<div class=\"elementor-widget-container\">\n\t\t\t\t\t<h3 class=\"elementor-heading-title elementor-size-default\"> Mouchoirs : Bo\u00eetes luxe, cubiques ou rectangulaires<\/h3>\t\t\t\t<\/div>\n\t\t\t\t<\/div>\n\t\t\t\t\t<\/div>\n\t\t\t\t<\/div>\n\t\t<div class=\"elementor-element elementor-element-8e6c3f0 e-grid e-con-boxed wpr-particle-no wpr-jarallax-no wpr-parallax-no wpr-sticky-section-no e-con e-parent\" data-id=\"8e6c3f0\" data-element_type=\"container\">\n\t\t\t\t\t<div class=\"e-con-inner\">\n\t\t<div class=\"elementor-element elementor-element-649b166 e-con-full e-flex wpr-particle-no wpr-jarallax-no wpr-parallax-no wpr-sticky-section-no e-con e-child\" data-id=\"649b166\" data-element_type=\"container\">\n\t\t\t\t<div class=\"elementor-element elementor-element-256e559 elementor-position-top elementor-widget elementor-widget-image-box\" data-id=\"256e559\" data-element_type=\"widget\" data-widget_type=\"image-box.default\">\n\t\t\t\t<div class=\"elementor-widget-container\">\n\t\t\t\t\t<div class=\"elementor-image-box-wrapper\"><figure class=\"elementor-image-box-img\"><img loading=\"lazy\" decoding=\"async\" width=\"694\" height=\"920\" src=\"https:\/\/awamamenities.com\/maroc\/wp-content\/uploads\/2025\/08\/Plan-de-travail-4-copie-8@2x.png\" class=\"attachment-full size-full wp-image-9205\" alt=\"\" srcset=\"https:\/\/awamamenities.com\/maroc\/wp-content\/uploads\/2025\/08\/Plan-de-travail-4-copie-8@2x.png 694w, https:\/\/awamamenities.com\/maroc\/wp-content\/uploads\/2025\/08\/Plan-de-travail-4-copie-8@2x-226x300.png 226w, https:\/\/awamamenities.com\/maroc\/wp-content\/uploads\/2025\/08\/Plan-de-travail-4-copie-8@2x-200x266.png 200w\" sizes=\"(max-width: 694px) 100vw, 694px\" \/><\/figure><div class=\"elementor-image-box-content\"><p class=\"elementor-image-box-description\"> KLEENEX\u00ae   <br>\nFacial Tissue - Cube \/ Blanc<br>\n<\/p><\/div><\/div>\t\t\t\t<\/div>\n\t\t\t\t<\/div>\n\t\t\t\t<\/div>\n\t\t<div class=\"elementor-element elementor-element-e42b834 e-con-full e-flex wpr-particle-no wpr-jarallax-no wpr-parallax-no wpr-sticky-section-no e-con e-child\" data-id=\"e42b834\" data-element_type=\"container\">\n\t\t\t\t<div class=\"elementor-element elementor-element-d0d53c2 elementor-position-top elementor-widget elementor-widget-image-box\" data-id=\"d0d53c2\" data-element_type=\"widget\" data-widget_type=\"image-box.default\">\n\t\t\t\t<div class=\"elementor-widget-container\">\n\t\t\t\t\t<div class=\"elementor-image-box-wrapper\"><figure class=\"elementor-image-box-img\"><img loading=\"lazy\" decoding=\"async\" width=\"694\" height=\"920\" src=\"https:\/\/awamamenities.com\/maroc\/wp-content\/uploads\/2025\/08\/Plan-de-travail-4-copie-7@2x.png\" class=\"attachment-full size-full wp-image-9204\" alt=\"\" srcset=\"https:\/\/awamamenities.com\/maroc\/wp-content\/uploads\/2025\/08\/Plan-de-travail-4-copie-7@2x.png 694w, https:\/\/awamamenities.com\/maroc\/wp-content\/uploads\/2025\/08\/Plan-de-travail-4-copie-7@2x-226x300.png 226w, https:\/\/awamamenities.com\/maroc\/wp-content\/uploads\/2025\/08\/Plan-de-travail-4-copie-7@2x-200x266.png 200w\" sizes=\"(max-width: 694px) 100vw, 694px\" \/><\/figure><div class=\"elementor-image-box-content\"><p class=\"elementor-image-box-description\"> KLEENEX\u00ae\n<br>\n Facial Tissue - Standard \/ Blanc <br>\n<\/p><\/div><\/div>\t\t\t\t<\/div>\n\t\t\t\t<\/div>\n\t\t\t\t<\/div>\n\t\t\t\t\t<\/div>\n\t\t\t\t<\/div>\n\t\t<div class=\"elementor-element elementor-element-ab9f3f3 e-flex e-con-boxed wpr-particle-no wpr-jarallax-no wpr-parallax-no wpr-sticky-section-no e-con e-parent\" data-id=\"ab9f3f3\" data-element_type=\"container\">\n\t\t\t\t\t<div class=\"e-con-inner\">\n\t\t\t\t<div class=\"elementor-element elementor-element-e096b6f elementor-widget elementor-widget-spacer\" data-id=\"e096b6f\" data-element_type=\"widget\" data-widget_type=\"spacer.default\">\n\t\t\t\t<div class=\"elementor-widget-container\">\n\t\t\t\t\t\t\t<div class=\"elementor-spacer\">\n\t\t\t<div class=\"elementor-spacer-inner\"><\/div>\n\t\t<\/div>\n\t\t\t\t\t\t<\/div>\n\t\t\t\t<\/div>\n\t\t\t\t\t<\/div>\n\t\t\t\t<\/div>\n\t\t<div class=\"elementor-element elementor-element-beb6dcf e-con-full e-flex wpr-particle-no wpr-jarallax-no wpr-parallax-no wpr-sticky-section-no e-con e-parent\" data-id=\"beb6dcf\" data-element_type=\"container\" data-settings=\"{&quot;background_background&quot;:&quot;classic&quot;}\">\n\t\t\t\t<div class=\"elementor-element elementor-element-30dae31 elementor-widget elementor-widget-heading\" data-id=\"30dae31\" data-element_type=\"widget\" data-widget_type=\"heading.default\">\n\t\t\t\t<div class=\"elementor-widget-container\">\n\t\t\t\t\t<h2 class=\"elementor-heading-title elementor-size-default\"> Nos avantages :<\/h2>\t\t\t\t<\/div>\n\t\t\t\t<\/div>\n\t\t\t\t<div class=\"elementor-element elementor-element-845c9d4 elementor-widget elementor-widget-text-editor\" data-id=\"845c9d4\" data-element_type=\"widget\" data-widget_type=\"text-editor.default\">\n\t\t\t\t<div class=\"elementor-widget-container\">\n\t\t\t\t\t\t\t\t\t<p>Syst\u00e8mes de distribution hygi\u00e9niques et \u00e9conomiques.<br \/>Produits certifi\u00e9s Ecolabel ou FSC<\/p>\t\t\t\t\t\t\t\t<\/div>\n\t\t\t\t<\/div>\n\t\t<div class=\"elementor-element elementor-element-d3d42e5 e-con-full e-flex wpr-particle-no wpr-jarallax-no wpr-parallax-no wpr-sticky-section-no e-con e-child\" data-id=\"d3d42e5\" data-element_type=\"container\">\n\t\t\t\t<div class=\"elementor-element elementor-element-e8ddde4 elementor-widget elementor-widget-image\" data-id=\"e8ddde4\" data-element_type=\"widget\" data-widget_type=\"image.default\">\n\t\t\t\t<div class=\"elementor-widget-container\">\n\t\t\t\t\t\t\t\t\t\t\t\t\t\t\t<img loading=\"lazy\" decoding=\"async\" width=\"156\" height=\"181\" src=\"https:\/\/awamamenities.com\/maroc\/wp-content\/uploads\/2025\/08\/ECOLABEL-ICONE.svg\" class=\"attachment-large size-large wp-image-9195\" alt=\"\" \/>\t\t\t\t\t\t\t\t\t\t\t\t\t\t\t<\/div>\n\t\t\t\t<\/div>\n\t\t\t\t<div class=\"elementor-element elementor-element-6ad5c2c elementor-widget elementor-widget-image\" data-id=\"6ad5c2c\" data-element_type=\"widget\" data-widget_type=\"image.default\">\n\t\t\t\t<div class=\"elementor-widget-container\">\n\t\t\t\t\t\t\t\t\t\t\t\t\t\t\t<img loading=\"lazy\" decoding=\"async\" width=\"156\" height=\"181\" src=\"https:\/\/awamamenities.com\/maroc\/wp-content\/uploads\/2025\/08\/FSC-ICONE.svg\" class=\"attachment-large size-large wp-image-9196\" alt=\"\" \/>\t\t\t\t\t\t\t\t\t\t\t\t\t\t\t<\/div>\n\t\t\t\t<\/div>\n\t\t\t\t<\/div>\n\t\t\t\t<div class=\"elementor-element elementor-element-401e3a3 elementor-widget elementor-widget-text-editor\" data-id=\"401e3a3\" data-element_type=\"widget\" data-widget_type=\"text-editor.default\">\n\t\t\t\t<div class=\"elementor-widget-container\">\n\t\t\t\t\t\t\t\t\t<p>Livraison rapide et accompagnement personnalis\u00e9.<\/p>\t\t\t\t\t\t\t\t<\/div>\n\t\t\t\t<\/div>\n\t\t\t\t<\/div>\n\t\t\t\t<\/div>\n\t\t","protected":false},"excerpt":{"rendered":"<p>Complements Faites le choix de la performance, de l\u2019hygi\u00e8ne etdu d\u00e9veloppement durable avec AWAM Amenities. Hygi\u00e8ne professionnelle et qualit\u00e9 optimale AWAM Amenities Maroc est le distributeur officiel des gammes professionnelles de Kimberly-Clark Professional (Kleenex, Scott, WypAll\u2026) au Maroc. Nous proposons des solutions de papier adapt\u00e9es \u00e0 tous les environnements professionnels : h\u00f4tellerie, restauration, bureaux, \u00e9tablissements de sant\u00e9, secteur agro-alimentaire, etc Papier toilette : Rouleaux standard ou jumbo, \u00e0 1 ou 2 plis, biod\u00e9gradables Rouleaux papier toilette KLEENEX\u00ae 250 &#8211; Petit rouleau Papier Toilette Pli\u00e9 KLEENEX\u00ae ULTRA 36 Essuie-mains : Rouleaux auto-d\u00e9coupant Essuie-mains SCOTT\u00ae SLIMROLL 6 Essuie-mains SCOTT\u00ae SLIMROLL 6 Essuie-mains SCOTT\u00ae NO TOUCH Essuie-mains KLEENEX\u00ae ULTRA SOFT POP-UP &#8211; Enchev\u00eatr\u00e9s Mouchoirs : Bo\u00eetes luxe, cubiques ou rectangulaires KLEENEX\u00ae Facial Tissue &#8211; Cube \/ Blanc KLEENEX\u00ae Facial Tissue &#8211; Standard \/ Blanc Nos avantages : Syst\u00e8mes de distribution hygi\u00e9niques et \u00e9conomiques.Produits certifi\u00e9s Ecolabel ou FSC Livraison rapide et accompagnement personnalis\u00e9.<\/p>\n","protected":false},"author":1,"featured_media":0,"parent":0,"menu_order":0,"comment_status":"closed","ping_status":"closed","template":"","meta":{"footnotes":""},"class_list":["post-5921","page","type-page","status-publish","hentry"],"acf":[],"aioseo_notices":[],"_links":{"self":[{"href":"https:\/\/awamamenities.com\/maroc\/wp-json\/wp\/v2\/pages\/5921","targetHints":{"allow":["GET"]}}],"collection":[{"href":"https:\/\/awamamenities.com\/maroc\/wp-json\/wp\/v2\/pages"}],"about":[{"href":"https:\/\/awamamenities.com\/maroc\/wp-json\/wp\/v2\/types\/page"}],"author":[{"embeddable":true,"href":"https:\/\/awamamenities.com\/maroc\/wp-json\/wp\/v2\/users\/1"}],"replies":[{"embeddable":true,"href":"https:\/\/awamamenities.com\/maroc\/wp-json\/wp\/v2\/comments?post=5921"}],"version-history":[{"count":154,"href":"https:\/\/awamamenities.com\/maroc\/wp-json\/wp\/v2\/pages\/5921\/revisions"}],"predecessor-version":[{"id":9362,"href":"https:\/\/awamamenities.com\/maroc\/wp-json\/wp\/v2\/pages\/5921\/revisions\/9362"}],"wp:attachment":[{"href":"https:\/\/awamamenities.com\/maroc\/wp-json\/wp\/v2\/media?parent=5921"}],"curies":[{"name":"wp","href":"https:\/\/api.w.org\/{rel}","templated":true}]}}