{"id":5185,"date":"2021-04-27T21:47:53","date_gmt":"2021-04-27T21:47:53","guid":{"rendered":"https:\/\/firstsight.design\/levre\/video\/?page_id=527"},"modified":"2025-08-18T14:11:04","modified_gmt":"2025-08-18T12:11:04","slug":"qui-sommes-nous","status":"publish","type":"page","link":"https:\/\/awamamenities.com\/maroc\/qui-sommes-nous\/","title":{"rendered":"QUI SOMMES NOUS\u200b"},"content":{"rendered":"\t\t<div data-elementor-type=\"wp-page\" data-elementor-id=\"5185\" class=\"elementor elementor-5185\">\n\t\t\t\t\t\t<section class=\"elementor-section elementor-top-section elementor-element elementor-element-0b8d3ac elementor-section-height-min-height elementor-section-boxed elementor-section-height-default elementor-section-items-middle wpr-particle-no wpr-jarallax-no wpr-parallax-no wpr-sticky-section-no\" data-id=\"0b8d3ac\" data-element_type=\"section\" data-settings=\"{&quot;background_background&quot;:&quot;classic&quot;}\">\n\t\t\t\t\t\t<div class=\"elementor-container elementor-column-gap-extended\">\n\t\t\t\t\t<div class=\"elementor-column elementor-col-100 elementor-top-column elementor-element elementor-element-b6455eb\" data-id=\"b6455eb\" data-element_type=\"column\">\n\t\t\t<div class=\"elementor-widget-wrap elementor-element-populated\">\n\t\t\t\t\t\t<div class=\"elementor-element elementor-element-fff1908 elementor-widget elementor-widget-heading\" data-id=\"fff1908\" data-element_type=\"widget\" data-widget_type=\"heading.default\">\n\t\t\t\t<div class=\"elementor-widget-container\">\n\t\t\t\t\t<h1 class=\"elementor-heading-title elementor-size-default\">QUI SOMMES NOUS<\/h1>\t\t\t\t<\/div>\n\t\t\t\t<\/div>\n\t\t\t\t<div class=\"elementor-element elementor-element-12dc06b elementor-widget__width-initial elementor-widget elementor-widget-text-editor\" data-id=\"12dc06b\" data-element_type=\"widget\" data-widget_type=\"text-editor.default\">\n\t\t\t\t<div class=\"elementor-widget-container\">\n\t\t\t\t\t\t\t\t\t<p>Anim\u00e9 par un d\u00e9sir d\u2019offrir un service innovant sur ce march\u00e9, <br \/>AWAM Amenities a su r\u00e9pondre rapidement aux aspirations de <br \/>ses clients h\u00f4teliers avec un savoir faire en constante \u00e9volution.<\/p>\t\t\t\t\t\t\t\t<\/div>\n\t\t\t\t<\/div>\n\t\t\t\t\t<\/div>\n\t\t<\/div>\n\t\t\t\t\t<\/div>\n\t\t<\/section>\n\t\t        <div class=\"elementor-element elementor-element-8b1438c e-flex e-con-boxed wpr-particle-no wpr-jarallax-no wpr-parallax-no wpr-sticky-section-no e-con e-parent\" data-id=\"8b1438c\" data-element_type=\"container\">\n\t\t\t\t\t<div class=\"e-con-inner\">\n\t\t\t\t<div class=\"elementor-element elementor-element-6755796 elementor-widget elementor-widget-spacer\" data-id=\"6755796\" data-element_type=\"widget\" data-widget_type=\"spacer.default\">\n\t\t\t\t<div class=\"elementor-widget-container\">\n\t\t\t\t\t\t\t<div class=\"elementor-spacer\">\n\t\t\t<div class=\"elementor-spacer-inner\"><\/div>\n\t\t<\/div>\n\t\t\t\t\t\t<\/div>\n\t\t\t\t<\/div>\n\t\t\t\t\t<\/div>\n\t\t\t\t<\/div>\n\t\t<div class=\"elementor-element elementor-element-548e571 e-grid e-con-full wpr-particle-no wpr-jarallax-no wpr-parallax-no wpr-sticky-section-no e-con e-parent\" data-id=\"548e571\" data-element_type=\"container\" data-settings=\"{&quot;background_background&quot;:&quot;classic&quot;}\">\n\t\t\t\t<div class=\"elementor-element elementor-element-b082f0f elementor-widget elementor-widget-heading\" data-id=\"b082f0f\" data-element_type=\"widget\" data-widget_type=\"heading.default\">\n\t\t\t\t<div class=\"elementor-widget-container\">\n\t\t\t\t\t<p class=\"elementor-heading-title elementor-size-default\"><a href=\"https:\/\/awamamenities.com\/maroc\/qui-sommes-nous\/#presentation\">Pr\u00e9sentation<\/a><\/p>\t\t\t\t<\/div>\n\t\t\t\t<\/div>\n\t\t\t\t<div class=\"elementor-element elementor-element-44d9974 elementor-widget elementor-widget-heading\" data-id=\"44d9974\" data-element_type=\"widget\" data-widget_type=\"heading.default\">\n\t\t\t\t<div class=\"elementor-widget-container\">\n\t\t\t\t\t<p class=\"elementor-heading-title elementor-size-default\"><a href=\"https:\/\/awamamenities.com\/maroc\/qui-sommes-nous\/#Mission\">Notre mission<\/a><\/p>\t\t\t\t<\/div>\n\t\t\t\t<\/div>\n\t\t\t\t<div class=\"elementor-element elementor-element-7c91ff1 elementor-widget elementor-widget-heading\" data-id=\"7c91ff1\" data-element_type=\"widget\" data-widget_type=\"heading.default\">\n\t\t\t\t<div class=\"elementor-widget-container\">\n\t\t\t\t\t<p class=\"elementor-heading-title elementor-size-default\"><a href=\"https:\/\/awamamenities.com\/maroc\/qui-sommes-nous\/#engagements\">Nos engagements<\/a><\/p>\t\t\t\t<\/div>\n\t\t\t\t<\/div>\n\t\t\t\t<div class=\"elementor-element elementor-element-96d1b15 elementor-widget elementor-widget-heading\" data-id=\"96d1b15\" data-element_type=\"widget\" data-widget_type=\"heading.default\">\n\t\t\t\t<div class=\"elementor-widget-container\">\n\t\t\t\t\t<p class=\"elementor-heading-title elementor-size-default\"><a href=\"https:\/\/awamamenities.com\/maroc\/qui-sommes-nous\/#expertise\">Notre espertise <\/a><\/p>\t\t\t\t<\/div>\n\t\t\t\t<\/div>\n\t\t\t\t<\/div>\n\t\t<div class=\"elementor-element elementor-element-64d7a66 e-flex e-con-boxed wpr-particle-no wpr-jarallax-no wpr-parallax-no wpr-sticky-section-no e-con e-parent\" data-id=\"64d7a66\" data-element_type=\"container\">\n\t\t\t\t\t<div class=\"e-con-inner\">\n\t\t\t\t<div class=\"elementor-element elementor-element-c28e4af elementor-widget elementor-widget-menu-anchor\" data-id=\"c28e4af\" data-element_type=\"widget\" data-widget_type=\"menu-anchor.default\">\n\t\t\t\t<div class=\"elementor-widget-container\">\n\t\t\t\t\t\t\t<div class=\"elementor-menu-anchor\" id=\"presentation\"><\/div>\n\t\t\t\t\t\t<\/div>\n\t\t\t\t<\/div>\n\t\t\t\t<div class=\"elementor-element elementor-element-a3bac91 elementor-widget elementor-widget-spacer\" data-id=\"a3bac91\" data-element_type=\"widget\" data-widget_type=\"spacer.default\">\n\t\t\t\t<div class=\"elementor-widget-container\">\n\t\t\t\t\t\t\t<div class=\"elementor-spacer\">\n\t\t\t<div class=\"elementor-spacer-inner\"><\/div>\n\t\t<\/div>\n\t\t\t\t\t\t<\/div>\n\t\t\t\t<\/div>\n\t\t\t\t<div class=\"elementor-element elementor-element-e764c5f elementor-widget elementor-widget-text-editor\" data-id=\"e764c5f\" data-element_type=\"widget\" data-widget_type=\"text-editor.default\">\n\t\t\t\t<div class=\"elementor-widget-container\">\n\t\t\t\t\t\t\t\t\t<h3>Pr\u00e9sentation de AWAM AMENITIES<\/h3><div><br><\/div>\n<div>\n<p>AWAM AMENITIES est une soci\u00e9t\u00e9 sp\u00e9cialis\u00e9e dans la commercialisation et la fabrication de produits d&rsquo;accueil haut de gamme pour l&rsquo;industrie h\u00f4teli\u00e8re. Depuis 20 ans, nous nous engageons \u00e0 offrir des solutions innovantes, \u00e9l\u00e9gantes et durables, qui enrichissent l&rsquo;exp\u00e9rience des clients tout en r\u00e9pondant aux exigences strictes de nos partenaires h\u00f4teliers.<\/p><p><br><\/p>\n<h4>Pourquoi choisir AWAM AMENITIES ?<\/h4>\n<div>&nbsp;<\/div>\n<ul>\n<li><strong>Qualit\u00e9 sup\u00e9rieure :<\/strong> Des produits fabriqu\u00e9s selon des normes strictes et contr\u00f4l\u00e9s \u00e0 chaque \u00e9tape de la production.<\/li>\n<li><strong>Durabilit\u00e9 :<\/strong> Nous privil\u00e9gions les mat\u00e9riaux \u00e9cologiques et durables, dans une d\u00e9marche z\u00e9ro d\u00e9chet.<\/li>\n<li><strong>Service personnalis\u00e9 :<\/strong> Nous offrons des solutions sur mesure qui r\u00e9pondent aux besoins sp\u00e9cifiques de chaque \u00e9tablissement h\u00f4telier.<\/li>\n<\/ul>\n<\/div>\t\t\t\t\t\t\t\t<\/div>\n\t\t\t\t<\/div>\n\t\t\t\t<div class=\"elementor-element elementor-element-3656529 elementor-widget elementor-widget-menu-anchor\" data-id=\"3656529\" data-element_type=\"widget\" data-widget_type=\"menu-anchor.default\">\n\t\t\t\t<div class=\"elementor-widget-container\">\n\t\t\t\t\t\t\t<div class=\"elementor-menu-anchor\" id=\"Mission\"><\/div>\n\t\t\t\t\t\t<\/div>\n\t\t\t\t<\/div>\n\t\t\t\t<div class=\"elementor-element elementor-element-418fb17 elementor-widget elementor-widget-spacer\" data-id=\"418fb17\" data-element_type=\"widget\" data-widget_type=\"spacer.default\">\n\t\t\t\t<div class=\"elementor-widget-container\">\n\t\t\t\t\t\t\t<div class=\"elementor-spacer\">\n\t\t\t<div class=\"elementor-spacer-inner\"><\/div>\n\t\t<\/div>\n\t\t\t\t\t\t<\/div>\n\t\t\t\t<\/div>\n\t\t\t\t<div class=\"elementor-element elementor-element-228a18b elementor-widget elementor-widget-text-editor\" data-id=\"228a18b\" data-element_type=\"widget\" data-widget_type=\"text-editor.default\">\n\t\t\t\t<div class=\"elementor-widget-container\">\n\t\t\t\t\t\t\t\t\t<h3>Notre Mission<\/h3>\n<div><br><\/div>\n<p>Notre objectif est de proposer une gamme compl\u00e8te de produits d\u00e9sign\u00e9s avec soin, adapt\u00e9s aux besoins des h\u00f4tels de toutes tailles, qu\u2019il s\u2019agisse de cha\u00eenes h\u00f4teli\u00e8res, d\u2019h\u00f4tels de luxe ou de petites structures ind\u00e9pendantes. Nous cr\u00e9ons des produits qui allient esth\u00e9tique, fonctionnalit\u00e9 et durabilit\u00e9, afin de faire de chaque s\u00e9jour un moment inoubliable pour les h\u00f4tes.<\/p>\t\t\t\t\t\t\t\t<\/div>\n\t\t\t\t<\/div>\n\t\t\t\t<div class=\"elementor-element elementor-element-f3114b9 elementor-widget elementor-widget-menu-anchor\" data-id=\"f3114b9\" data-element_type=\"widget\" data-widget_type=\"menu-anchor.default\">\n\t\t\t\t<div class=\"elementor-widget-container\">\n\t\t\t\t\t\t\t<div class=\"elementor-menu-anchor\" id=\"engagements\"><\/div>\n\t\t\t\t\t\t<\/div>\n\t\t\t\t<\/div>\n\t\t\t\t<div class=\"elementor-element elementor-element-f0a4cdc elementor-widget elementor-widget-spacer\" data-id=\"f0a4cdc\" data-element_type=\"widget\" data-widget_type=\"spacer.default\">\n\t\t\t\t<div class=\"elementor-widget-container\">\n\t\t\t\t\t\t\t<div class=\"elementor-spacer\">\n\t\t\t<div class=\"elementor-spacer-inner\"><\/div>\n\t\t<\/div>\n\t\t\t\t\t\t<\/div>\n\t\t\t\t<\/div>\n\t\t\t\t<div class=\"elementor-element elementor-element-51d03d8 elementor-widget elementor-widget-text-editor\" data-id=\"51d03d8\" data-element_type=\"widget\" data-widget_type=\"text-editor.default\">\n\t\t\t\t<div class=\"elementor-widget-container\">\n\t\t\t\t\t\t\t\t\t<h3>Nos engagements durables<\/h3><div><br><\/div>\n<p>Nous croyons fermement en une h\u00f4tellerie responsable et nous mettons un point d\u2019honneur \u00e0 respecter des normes environnementales \u00e9lev\u00e9es. Nos produits sont con\u00e7us pour r\u00e9duire l&#8217;empreinte \u00e9cologique des h\u00f4tels tout en garantissant une qualit\u00e9 irr\u00e9prochable. Nous offrons ainsi des alternatives biod\u00e9gradables, recyclables et sans plastique dans nos gammes de produits d\u2019accueil, telles que des brosses \u00e0 dents en bambou, des savons et shampooings solides, des chaussettes en coton bio, etc<\/p>\t\t\t\t\t\t\t\t<\/div>\n\t\t\t\t<\/div>\n\t\t\t\t<div class=\"elementor-element elementor-element-87476dd elementor-widget elementor-widget-spacer\" data-id=\"87476dd\" data-element_type=\"widget\" data-widget_type=\"spacer.default\">\n\t\t\t\t<div class=\"elementor-widget-container\">\n\t\t\t\t\t\t\t<div class=\"elementor-spacer\">\n\t\t\t<div class=\"elementor-spacer-inner\"><\/div>\n\t\t<\/div>\n\t\t\t\t\t\t<\/div>\n\t\t\t\t<\/div>\n\t\t\t\t<div class=\"elementor-element elementor-element-198196c elementor-widget elementor-widget-menu-anchor\" data-id=\"198196c\" data-element_type=\"widget\" data-widget_type=\"menu-anchor.default\">\n\t\t\t\t<div class=\"elementor-widget-container\">\n\t\t\t\t\t\t\t<div class=\"elementor-menu-anchor\" id=\"expertise\"><\/div>\n\t\t\t\t\t\t<\/div>\n\t\t\t\t<\/div>\n\t\t\t\t<div class=\"elementor-element elementor-element-3330223 elementor-widget elementor-widget-text-editor\" data-id=\"3330223\" data-element_type=\"widget\" data-widget_type=\"text-editor.default\">\n\t\t\t\t<div class=\"elementor-widget-container\">\n\t\t\t\t\t\t\t\t\t<h3>Notre expertise<\/h3><div><br><\/div>\n<p>Gr\u00e2ce \u00e0 notre \u00e9quipe d\u2019ing\u00e9nieurs et designers, nous cr\u00e9ons des produits sur-mesure pour nos clients, en accord avec leurs valeurs et leur image de marque. Nous avons d\u00e9velopp\u00e9 une solide expertise dans la fabrication de produits personnalis\u00e9s, que ce soit en termes de packaging, de logos, de couleurs ou d\u2019accessoires sp\u00e9cifiques. Nous avons aussi mis en place des partenariats strat\u00e9giques avec des acteurs majeurs du secteur, ce qui nous permet de suivre les tendances du march\u00e9 et de garantir la meilleure qualit\u00e9 \u00e0 des prix comp\u00e9titifs.<\/p>\t\t\t\t\t\t\t\t<\/div>\n\t\t\t\t<\/div>\n\t\t\t\t\t<\/div>\n\t\t\t\t<\/div>\n\t\t<div class=\"elementor-element elementor-element-5fe0bd2 e-flex e-con-boxed wpr-particle-no wpr-jarallax-no wpr-parallax-no wpr-sticky-section-no e-con e-parent\" data-id=\"5fe0bd2\" data-element_type=\"container\">\n\t\t\t\t\t<div class=\"e-con-inner\">\n\t\t\t\t<div class=\"elementor-element elementor-element-b1cfc3a elementor-widget elementor-widget-spacer\" data-id=\"b1cfc3a\" data-element_type=\"widget\" data-widget_type=\"spacer.default\">\n\t\t\t\t<div class=\"elementor-widget-container\">\n\t\t\t\t\t\t\t<div class=\"elementor-spacer\">\n\t\t\t<div class=\"elementor-spacer-inner\"><\/div>\n\t\t<\/div>\n\t\t\t\t\t\t<\/div>\n\t\t\t\t<\/div>\n\t\t\t\t\t<\/div>\n\t\t\t\t<\/div>\n\t\t\t\t<\/div>\n\t\t","protected":false},"excerpt":{"rendered":"<p>QUI SOMMES NOUS Anim\u00e9 par un d\u00e9sir d\u2019offrir un service innovant sur ce march\u00e9, AWAM Amenities a su r\u00e9pondre rapidement aux aspirations de ses clients h\u00f4teliers avec un savoir faire en constante \u00e9volution. Pr\u00e9sentation Notre mission Nos engagements Notre espertise Pr\u00e9sentation de AWAM AMENITIES AWAM AMENITIES est une soci\u00e9t\u00e9 sp\u00e9cialis\u00e9e dans la commercialisation et la fabrication de produits d&rsquo;accueil haut de gamme pour l&rsquo;industrie h\u00f4teli\u00e8re. Depuis 20 ans, nous nous engageons \u00e0 offrir des solutions innovantes, \u00e9l\u00e9gantes et durables, qui enrichissent l&rsquo;exp\u00e9rience des clients tout en r\u00e9pondant aux exigences strictes de nos partenaires h\u00f4teliers. Pourquoi choisir AWAM AMENITIES ? &nbsp; Qualit\u00e9 sup\u00e9rieure : Des produits fabriqu\u00e9s selon des normes strictes et contr\u00f4l\u00e9s \u00e0 chaque \u00e9tape de la production. Durabilit\u00e9 : Nous privil\u00e9gions les mat\u00e9riaux \u00e9cologiques et durables, dans une d\u00e9marche z\u00e9ro d\u00e9chet. Service personnalis\u00e9 : Nous offrons des solutions sur mesure qui r\u00e9pondent aux besoins sp\u00e9cifiques de chaque \u00e9tablissement h\u00f4telier. Notre Mission Notre objectif est de proposer une gamme compl\u00e8te de produits d\u00e9sign\u00e9s avec soin, adapt\u00e9s aux besoins des h\u00f4tels de toutes tailles, qu\u2019il s\u2019agisse de cha\u00eenes h\u00f4teli\u00e8res, d\u2019h\u00f4tels de luxe ou de petites structures ind\u00e9pendantes. Nous cr\u00e9ons des produits qui allient esth\u00e9tique, fonctionnalit\u00e9 et durabilit\u00e9, afin de faire de chaque s\u00e9jour un moment inoubliable pour les h\u00f4tes. Nos engagements durables Nous croyons fermement en une h\u00f4tellerie responsable et nous mettons un point d\u2019honneur \u00e0 respecter des normes environnementales \u00e9lev\u00e9es. Nos produits sont con\u00e7us pour r\u00e9duire l&#8217;empreinte \u00e9cologique des h\u00f4tels tout en garantissant une qualit\u00e9 irr\u00e9prochable. Nous offrons ainsi des alternatives biod\u00e9gradables, recyclables et sans plastique dans nos gammes de produits d\u2019accueil, telles que des brosses \u00e0 dents en bambou, des savons et shampooings solides, des chaussettes en coton bio, etc Notre expertise Gr\u00e2ce \u00e0 notre \u00e9quipe d\u2019ing\u00e9nieurs et designers, nous cr\u00e9ons des produits sur-mesure pour nos clients, en accord avec leurs valeurs et leur image de marque. Nous avons d\u00e9velopp\u00e9 une solide expertise dans la fabrication de produits personnalis\u00e9s, que ce soit en termes de packaging, de logos, de couleurs ou d\u2019accessoires sp\u00e9cifiques. Nous avons aussi mis en place des partenariats strat\u00e9giques avec des acteurs majeurs du secteur, ce qui nous permet de suivre les tendances du march\u00e9 et de garantir la meilleure qualit\u00e9 \u00e0 des prix comp\u00e9titifs.<\/p>\n","protected":false},"author":1,"featured_media":0,"parent":0,"menu_order":0,"comment_status":"closed","ping_status":"closed","template":"","meta":{"footnotes":""},"class_list":["post-5185","page","type-page","status-publish","hentry"],"acf":[],"aioseo_notices":[],"_links":{"self":[{"href":"https:\/\/awamamenities.com\/maroc\/wp-json\/wp\/v2\/pages\/5185","targetHints":{"allow":["GET"]}}],"collection":[{"href":"https:\/\/awamamenities.com\/maroc\/wp-json\/wp\/v2\/pages"}],"about":[{"href":"https:\/\/awamamenities.com\/maroc\/wp-json\/wp\/v2\/types\/page"}],"author":[{"embeddable":true,"href":"https:\/\/awamamenities.com\/maroc\/wp-json\/wp\/v2\/users\/1"}],"replies":[{"embeddable":true,"href":"https:\/\/awamamenities.com\/maroc\/wp-json\/wp\/v2\/comments?post=5185"}],"version-history":[{"count":180,"href":"https:\/\/awamamenities.com\/maroc\/wp-json\/wp\/v2\/pages\/5185\/revisions"}],"predecessor-version":[{"id":9313,"href":"https:\/\/awamamenities.com\/maroc\/wp-json\/wp\/v2\/pages\/5185\/revisions\/9313"}],"wp:attachment":[{"href":"https:\/\/awamamenities.com\/maroc\/wp-json\/wp\/v2\/media?parent=5185"}],"curies":[{"name":"wp","href":"https:\/\/api.w.org\/{rel}","templated":true}]}}