{"id":5184,"date":"2025-04-10T15:25:10","date_gmt":"2025-04-10T13:25:10","guid":{"rendered":"https:\/\/firstsight.design\/levre\/video\/?page_id=492"},"modified":"2025-10-28T09:15:41","modified_gmt":"2025-10-28T08:15:41","slug":"dispenser","status":"publish","type":"page","link":"https:\/\/awamamenities.com\/maroc\/dispenser\/","title":{"rendered":"Dispenser"},"content":{"rendered":"\t\t<div data-elementor-type=\"wp-page\" data-elementor-id=\"5184\" class=\"elementor elementor-5184\">\n\t\t\t\t\t\t<section class=\"elementor-section elementor-top-section elementor-element elementor-element-ace76e0 elementor-section-height-min-height elementor-section-boxed elementor-section-height-default elementor-section-items-middle wpr-particle-no wpr-jarallax-no wpr-parallax-no wpr-sticky-section-no\" data-id=\"ace76e0\" data-element_type=\"section\" data-settings=\"{&quot;background_background&quot;:&quot;classic&quot;}\">\n\t\t\t\t\t\t<div class=\"elementor-container elementor-column-gap-extended\">\n\t\t\t\t\t<div class=\"elementor-column elementor-col-100 elementor-top-column elementor-element elementor-element-656bfe3\" data-id=\"656bfe3\" data-element_type=\"column\">\n\t\t\t<div class=\"elementor-widget-wrap elementor-element-populated\">\n\t\t\t\t\t\t<div class=\"elementor-element elementor-element-77d370c elementor-widget elementor-widget-heading\" data-id=\"77d370c\" data-element_type=\"widget\" data-widget_type=\"heading.default\">\n\t\t\t\t<div class=\"elementor-widget-container\">\n\t\t\t\t\t<h1 class=\"elementor-heading-title elementor-size-default\">DISPENSER <\/h1>\t\t\t\t<\/div>\n\t\t\t\t<\/div>\n\t\t\t\t<div class=\"elementor-element elementor-element-419986b elementor-widget__width-initial elementor-widget-mobile_extra__width-initial elementor-widget-mobile__width-initial elementor-widget elementor-widget-text-editor\" data-id=\"419986b\" data-element_type=\"widget\" data-widget_type=\"text-editor.default\">\n\t\t\t\t<div class=\"elementor-widget-container\">\n\t\t\t\t\t\t\t\t\t<p>Alliant design et praticit\u00e9, ces dispensers \u00e9l\u00e9gants et durables offrent une solution hygi\u00e9nique et \u00e9coresponsable pour shampoings, gels douche et lotions.<\/p>\t\t\t\t\t\t\t\t<\/div>\n\t\t\t\t<\/div>\n\t\t\t\t\t<\/div>\n\t\t<\/div>\n\t\t\t\t\t<\/div>\n\t\t<\/section>\n\t\t        <div class=\"elementor-element elementor-element-e320678 e-flex e-con-boxed wpr-particle-no wpr-jarallax-no wpr-parallax-no wpr-sticky-section-no e-con e-parent\" data-id=\"e320678\" data-element_type=\"container\">\n\t\t\t\t\t<div class=\"e-con-inner\">\n\t\t<div class=\"elementor-element elementor-element-cffe6fe e-grid e-con-full wpr-particle-no wpr-jarallax-no wpr-parallax-no wpr-sticky-section-no e-con e-child\" data-id=\"cffe6fe\" data-element_type=\"container\">\n\t\t<div class=\"elementor-element elementor-element-0ff3301 e-con-full e-flex wpr-particle-no wpr-jarallax-no wpr-parallax-no wpr-sticky-section-no e-con e-child\" data-id=\"0ff3301\" data-element_type=\"container\">\n\t\t\t\t<div class=\"elementor-element elementor-element-8542e05 elementor-widget-tablet__width-initial elementor-position-top elementor-widget elementor-widget-image-box\" data-id=\"8542e05\" data-element_type=\"widget\" data-widget_type=\"image-box.default\">\n\t\t\t\t<div class=\"elementor-widget-container\">\n\t\t\t\t\t<div class=\"elementor-image-box-wrapper\"><figure class=\"elementor-image-box-img\"><a href=\"https:\/\/awamamenities.com\/maroc\/flacon-eco-pompe\" tabindex=\"-1\"><img decoding=\"async\" width=\"128\" height=\"128\" src=\"https:\/\/awamamenities.com\/maroc\/wp-content\/uploads\/2025\/05\/Plan-de-travail-1-copie-35.webp\" class=\"attachment-full size-full wp-image-7760\" alt=\"\" srcset=\"https:\/\/awamamenities.com\/maroc\/wp-content\/uploads\/2025\/05\/Plan-de-travail-1-copie-35.webp 128w, https:\/\/awamamenities.com\/maroc\/wp-content\/uploads\/2025\/05\/Plan-de-travail-1-copie-35-100x100.webp 100w, https:\/\/awamamenities.com\/maroc\/wp-content\/uploads\/2025\/05\/Plan-de-travail-1-copie-35-50x50.webp 50w\" sizes=\"(max-width: 128px) 100vw, 128px\" \/><\/a><\/figure><div class=\"elementor-image-box-content\"><h5 class=\"elementor-image-box-title\"><a href=\"https:\/\/awamamenities.com\/maroc\/flacon-eco-pompe\">Flacon ECO-POMPE<\/a><\/h5><\/div><\/div>\t\t\t\t<\/div>\n\t\t\t\t<\/div>\n\t\t\t\t<\/div>\n\t\t<div class=\"elementor-element elementor-element-5fc116d e-con-full e-flex wpr-particle-no wpr-jarallax-no wpr-parallax-no wpr-sticky-section-no e-con e-child\" data-id=\"5fc116d\" data-element_type=\"container\">\n\t\t\t\t<div class=\"elementor-element elementor-element-8faa5af elementor-widget-tablet__width-initial elementor-position-top elementor-widget elementor-widget-image-box\" data-id=\"8faa5af\" data-element_type=\"widget\" data-widget_type=\"image-box.default\">\n\t\t\t\t<div class=\"elementor-widget-container\">\n\t\t\t\t\t<div class=\"elementor-image-box-wrapper\"><figure class=\"elementor-image-box-img\"><a href=\"https:\/\/awamamenities.com\/maroc\/flacon-non-rechargeable\/\" tabindex=\"-1\"><img decoding=\"async\" width=\"128\" height=\"128\" src=\"https:\/\/awamamenities.com\/maroc\/wp-content\/uploads\/2025\/05\/Plan-de-travail-1-copie-36.webp\" class=\"attachment-full size-full wp-image-7761\" alt=\"\" srcset=\"https:\/\/awamamenities.com\/maroc\/wp-content\/uploads\/2025\/05\/Plan-de-travail-1-copie-36.webp 128w, https:\/\/awamamenities.com\/maroc\/wp-content\/uploads\/2025\/05\/Plan-de-travail-1-copie-36-100x100.webp 100w, https:\/\/awamamenities.com\/maroc\/wp-content\/uploads\/2025\/05\/Plan-de-travail-1-copie-36-50x50.webp 50w\" sizes=\"(max-width: 128px) 100vw, 128px\" \/><\/a><\/figure><div class=\"elementor-image-box-content\"><h5 class=\"elementor-image-box-title\"><a href=\"https:\/\/awamamenities.com\/maroc\/flacon-non-rechargeable\/\">Flacon Non-rechargeable<\/a><\/h5><\/div><\/div>\t\t\t\t<\/div>\n\t\t\t\t<\/div>\n\t\t\t\t<\/div>\n\t\t<div class=\"elementor-element elementor-element-badf8c8 e-con-full e-flex wpr-particle-no wpr-jarallax-no wpr-parallax-no wpr-sticky-section-no e-con e-child\" data-id=\"badf8c8\" data-element_type=\"container\">\n\t\t\t\t<div class=\"elementor-element elementor-element-ef3797d elementor-widget-tablet__width-initial elementor-position-top elementor-widget elementor-widget-image-box\" data-id=\"ef3797d\" data-element_type=\"widget\" data-widget_type=\"image-box.default\">\n\t\t\t\t<div class=\"elementor-widget-container\">\n\t\t\t\t\t<div class=\"elementor-image-box-wrapper\"><figure class=\"elementor-image-box-img\"><a href=\"https:\/\/awamamenities.com\/maroc\/dispenser-kimberly-clark\/\" tabindex=\"-1\"><img decoding=\"async\" width=\"128\" height=\"128\" src=\"https:\/\/awamamenities.com\/maroc\/wp-content\/uploads\/2025\/05\/Plan-de-travail-1-copie-30.webp\" class=\"attachment-full size-full wp-image-7759\" alt=\"\" srcset=\"https:\/\/awamamenities.com\/maroc\/wp-content\/uploads\/2025\/05\/Plan-de-travail-1-copie-30.webp 128w, https:\/\/awamamenities.com\/maroc\/wp-content\/uploads\/2025\/05\/Plan-de-travail-1-copie-30-100x100.webp 100w, https:\/\/awamamenities.com\/maroc\/wp-content\/uploads\/2025\/05\/Plan-de-travail-1-copie-30-50x50.webp 50w\" sizes=\"(max-width: 128px) 100vw, 128px\" \/><\/a><\/figure><div class=\"elementor-image-box-content\"><h5 class=\"elementor-image-box-title\"><a href=\"https:\/\/awamamenities.com\/maroc\/dispenser-kimberly-clark\/\">Dispenser Kimberly Clark<\/a><\/h5><\/div><\/div>\t\t\t\t<\/div>\n\t\t\t\t<\/div>\n\t\t\t\t<\/div>\n\t\t\t\t<\/div>\n\t\t\t\t<div class=\"elementor-element elementor-element-efbf00a elementor-widget elementor-widget-spacer\" data-id=\"efbf00a\" data-element_type=\"widget\" data-widget_type=\"spacer.default\">\n\t\t\t\t<div class=\"elementor-widget-container\">\n\t\t\t\t\t\t\t<div class=\"elementor-spacer\">\n\t\t\t<div class=\"elementor-spacer-inner\"><\/div>\n\t\t<\/div>\n\t\t\t\t\t\t<\/div>\n\t\t\t\t<\/div>\n\t\t\t\t\t<\/div>\n\t\t\t\t<\/div>\n\t\t\t\t<section class=\"elementor-section elementor-top-section elementor-element elementor-element-02baf53 elementor-section-content-middle elementor-section-boxed elementor-section-height-default elementor-section-height-default wpr-particle-no wpr-jarallax-no wpr-parallax-no wpr-sticky-section-no\" data-id=\"02baf53\" data-element_type=\"section\" data-settings=\"{&quot;background_background&quot;:&quot;classic&quot;}\">\n\t\t\t\t\t\t<div class=\"elementor-container elementor-column-gap-extended\">\n\t\t\t\t\t<div class=\"elementor-column elementor-col-50 elementor-top-column elementor-element elementor-element-a003af5\" data-id=\"a003af5\" data-element_type=\"column\">\n\t\t\t<div class=\"elementor-widget-wrap elementor-element-populated\">\n\t\t\t\t\t\t<div class=\"elementor-element elementor-element-b702202 elementor-widget elementor-widget-image\" data-id=\"b702202\" data-element_type=\"widget\" data-widget_type=\"image.default\">\n\t\t\t\t<div class=\"elementor-widget-container\">\n\t\t\t\t\t\t\t\t\t\t\t\t\t\t\t<img loading=\"lazy\" decoding=\"async\" width=\"476\" height=\"576\" src=\"https:\/\/awamamenities.com\/maroc\/wp-content\/uploads\/2025\/04\/Plan-de-travail-1-6.webp\" class=\"attachment-medium_large size-medium_large wp-image-5796\" alt=\"\" srcset=\"https:\/\/awamamenities.com\/maroc\/wp-content\/uploads\/2025\/04\/Plan-de-travail-1-6.webp 476w, https:\/\/awamamenities.com\/maroc\/wp-content\/uploads\/2025\/04\/Plan-de-travail-1-6-248x300.webp 248w\" sizes=\"(max-width: 476px) 100vw, 476px\" \/>\t\t\t\t\t\t\t\t\t\t\t\t\t\t\t<\/div>\n\t\t\t\t<\/div>\n\t\t\t\t\t<\/div>\n\t\t<\/div>\n\t\t\t\t<div class=\"elementor-column elementor-col-50 elementor-top-column elementor-element elementor-element-da96599\" data-id=\"da96599\" data-element_type=\"column\">\n\t\t\t<div class=\"elementor-widget-wrap elementor-element-populated\">\n\t\t\t\t\t\t<div class=\"elementor-element elementor-element-f313213 elementor-widget__width-initial elementor-widget-tablet__width-initial elementor-widget-mobile_extra__width-initial elementor-widget elementor-widget-heading\" data-id=\"f313213\" data-element_type=\"widget\" data-widget_type=\"heading.default\">\n\t\t\t\t<div class=\"elementor-widget-container\">\n\t\t\t\t\t<h2 class=\"elementor-heading-title elementor-size-default\"><b>Distributeur mural pour\n flacons <br> 300 ml<\/h2>\t\t\t\t<\/div>\n\t\t\t\t<\/div>\n\t\t\t\t<div class=\"elementor-element elementor-element-82646d5 elementor-widget-mobile_extra__width-initial elementor-widget elementor-widget-text-editor\" data-id=\"82646d5\" data-element_type=\"widget\" data-widget_type=\"text-editor.default\">\n\t\t\t\t<div class=\"elementor-widget-container\">\n\t\t\t\t\t\t\t\t\t<p>Optimisez vos espaces et am\u00e9liorez l\u2019exp\u00e9rience client avec notre dispenser mural universel, con\u00e7u pour accueillir des flacons 300 ml. Discret, s\u00e9curis\u00e9 et facile d\u2019entretien, il s\u2019int\u00e8gre parfaite ment dans les salles de bain d\u2019h\u00f4tels tout en r\u00e9pondant aux exigences d\u2019hygi\u00e8ne, d\u2019esth\u00e9tique et de durabilit\u00e9.&nbsp;<\/p>\t\t\t\t\t\t\t\t<\/div>\n\t\t\t\t<\/div>\n\t\t\t\t\t<\/div>\n\t\t<\/div>\n\t\t\t\t\t<\/div>\n\t\t<\/section>\n\t\t        \t\t<section class=\"elementor-section elementor-top-section elementor-element elementor-element-d4d2b7a elementor-section-boxed elementor-section-height-default elementor-section-height-default wpr-particle-no wpr-jarallax-no wpr-parallax-no wpr-sticky-section-no\" data-id=\"d4d2b7a\" data-element_type=\"section\">\n\t\t\t\t\t\t<div class=\"elementor-container elementor-column-gap-extended\">\n\t\t\t\t\t<div class=\"elementor-column elementor-col-100 elementor-top-column elementor-element elementor-element-712eb7f\" data-id=\"712eb7f\" data-element_type=\"column\">\n\t\t\t<div class=\"elementor-widget-wrap elementor-element-populated\">\n\t\t\t\t\t\t<div class=\"elementor-element elementor-element-fff9f4b elementor-widget elementor-widget-heading\" data-id=\"fff9f4b\" data-element_type=\"widget\" data-widget_type=\"heading.default\">\n\t\t\t\t<div class=\"elementor-widget-container\">\n\t\t\t\t\t<h2 class=\"elementor-heading-title elementor-size-default\">Dispenser<\/h2>\t\t\t\t<\/div>\n\t\t\t\t<\/div>\n\t\t\t\t<div class=\"elementor-element elementor-element-c7015c9 elementor-widget__width-initial elementor-widget-widescreen__width-initial elementor-widget-tablet__width-initial elementor-widget elementor-widget-text-editor\" data-id=\"c7015c9\" data-element_type=\"widget\" data-widget_type=\"text-editor.default\">\n\t\t\t\t<div class=\"elementor-widget-container\">\n\t\t\t\t\t\t\t\t\t<p>Alliant design et praticit\u00e9, les dispensers d\u2019Awam Amenities offrent une solution \u00e9l\u00e9gante et durable pour la distribution de shampoings, gels douche et lotions. Con\u00e7us avec des mat\u00e9riaux de qualit\u00e9, ils<br \/>permettent de limiter les d\u00e9chets plastiques tout en garantissant une utilisation fluide et hygi\u00e9nique.<\/p>\t\t\t\t\t\t\t\t<\/div>\n\t\t\t\t<\/div>\n\t\t\t\t\t<\/div>\n\t\t<\/div>\n\t\t\t\t\t<\/div>\n\t\t<\/section>\n\t\t        \t\t<section class=\"elementor-section elementor-top-section elementor-element elementor-element-1212039 elementor-section-height-min-height elementor-section-boxed elementor-section-height-default elementor-section-items-middle wpr-particle-no wpr-jarallax-no wpr-parallax-no wpr-sticky-section-no\" data-id=\"1212039\" data-element_type=\"section\" data-settings=\"{&quot;background_background&quot;:&quot;classic&quot;}\">\n\t\t\t\t\t\t\t<div class=\"elementor-background-overlay\"><\/div>\n\t\t\t\t\t\t\t<div class=\"elementor-container elementor-column-gap-extended\">\n\t\t\t\t\t<div class=\"elementor-column elementor-col-100 elementor-top-column elementor-element elementor-element-d77442d\" data-id=\"d77442d\" data-element_type=\"column\">\n\t\t\t<div class=\"elementor-widget-wrap elementor-element-populated\">\n\t\t\t\t\t\t<div class=\"elementor-element elementor-element-39ed71f elementor-widget elementor-widget-heading\" data-id=\"39ed71f\" data-element_type=\"widget\" data-widget_type=\"heading.default\">\n\t\t\t\t<div class=\"elementor-widget-container\">\n\t\t\t\t\t<p class=\"elementor-heading-title elementor-size-default\">Pratique, \u00e9l\u00e9gant et durable<\/p>\t\t\t\t<\/div>\n\t\t\t\t<\/div>\n\t\t\t\t<div class=\"elementor-element elementor-element-a4ec589 elementor-widget__width-initial elementor-widget elementor-widget-text-editor\" data-id=\"a4ec589\" data-element_type=\"widget\" data-widget_type=\"text-editor.default\">\n\t\t\t\t<div class=\"elementor-widget-container\">\n\t\t\t\t\t\t\t\t\t<p>Optez pour un distributeur \u00e0 la fois \u00e9l\u00e9gant, pratique et \u00e9cologique : la solution id\u00e9ale pour moderniser vos salles de bain sans compromis sur l\u2019image de votre \u00e9tablissement.<\/p>\t\t\t\t\t\t\t\t<\/div>\n\t\t\t\t<\/div>\n\t\t\t\t\t<\/div>\n\t\t<\/div>\n\t\t\t\t\t<\/div>\n\t\t<\/section>\n\t\t            <script>\r\n                jQuery(document).ready(function ($) {\r\n                    \"use strict\";\r\n                    let target = $('.elementor-element-1212039');\r\n                                        let ParallaxElement = {\r\n                        init: function () {\r\n                            elementorFrontend.hooks.addAction('frontend\/element_ready\/global', ParallaxElement.initWidget);\r\n                        },\r\n                        responsiveParallax: function () {\r\n                            let android = 0,\r\n                                ios = 0;\r\n                            switch (true || 1) {\r\n                                case android && ios:\r\n                                    return \/iPad|iPhone|iPod|Android\/;\r\n                                    break;\r\n                                case android && !ios:\r\n                                    return \/Android\/;\r\n                                    break;\r\n                                case !android && ios:\r\n                                    return \/iPad|iPhone|iPod\/;\r\n                                    break;\r\n                                case (!android && !ios):\r\n                                    return null;\r\n                            }\r\n                        },\r\n                        initWidget: function ($scope) {\r\n                            target.jarallax({\r\n                                type: 'scroll',\r\n                                speed: 0.8,\r\n                                keepImg: true,\r\n                                disableParallax: ParallaxElement.responsiveParallax(),\r\n                            });\r\n                        }\r\n                    };\r\n                    $(window).on('elementor\/frontend\/init', ParallaxElement.init);\r\n                                    });\r\n            <\/script>\r\n                \t\t<\/div>\n\t\t","protected":false},"excerpt":{"rendered":"<p>DISPENSER Alliant design et praticit\u00e9, ces dispensers \u00e9l\u00e9gants et durables offrent une solution hygi\u00e9nique et \u00e9coresponsable pour shampoings, gels douche et lotions. Flacon ECO-POMPE Flacon Non-rechargeable Dispenser Kimberly Clark Distributeur mural pour flacons 300 ml Optimisez vos espaces et am\u00e9liorez l\u2019exp\u00e9rience client avec notre dispenser mural universel, con\u00e7u pour accueillir des flacons 300 ml. Discret, s\u00e9curis\u00e9 et facile d\u2019entretien, il s\u2019int\u00e8gre parfaite ment dans les salles de bain d\u2019h\u00f4tels tout en r\u00e9pondant aux exigences d\u2019hygi\u00e8ne, d\u2019esth\u00e9tique et de durabilit\u00e9.&nbsp; Dispenser Alliant design et praticit\u00e9, les dispensers d\u2019Awam Amenities offrent une solution \u00e9l\u00e9gante et durable pour la distribution de shampoings, gels douche et lotions. Con\u00e7us avec des mat\u00e9riaux de qualit\u00e9, ilspermettent de limiter les d\u00e9chets plastiques tout en garantissant une utilisation fluide et hygi\u00e9nique. Pratique, \u00e9l\u00e9gant et durable Optez pour un distributeur \u00e0 la fois \u00e9l\u00e9gant, pratique et \u00e9cologique : la solution id\u00e9ale pour moderniser vos salles de bain sans compromis sur l\u2019image de votre \u00e9tablissement.<\/p>\n","protected":false},"author":1,"featured_media":0,"parent":0,"menu_order":0,"comment_status":"closed","ping_status":"closed","template":"","meta":{"footnotes":""},"class_list":["post-5184","page","type-page","status-publish","hentry"],"acf":[],"aioseo_notices":[],"_links":{"self":[{"href":"https:\/\/awamamenities.com\/maroc\/wp-json\/wp\/v2\/pages\/5184","targetHints":{"allow":["GET"]}}],"collection":[{"href":"https:\/\/awamamenities.com\/maroc\/wp-json\/wp\/v2\/pages"}],"about":[{"href":"https:\/\/awamamenities.com\/maroc\/wp-json\/wp\/v2\/types\/page"}],"author":[{"embeddable":true,"href":"https:\/\/awamamenities.com\/maroc\/wp-json\/wp\/v2\/users\/1"}],"replies":[{"embeddable":true,"href":"https:\/\/awamamenities.com\/maroc\/wp-json\/wp\/v2\/comments?post=5184"}],"version-history":[{"count":242,"href":"https:\/\/awamamenities.com\/maroc\/wp-json\/wp\/v2\/pages\/5184\/revisions"}],"predecessor-version":[{"id":9499,"href":"https:\/\/awamamenities.com\/maroc\/wp-json\/wp\/v2\/pages\/5184\/revisions\/9499"}],"wp:attachment":[{"href":"https:\/\/awamamenities.com\/maroc\/wp-json\/wp\/v2\/media?parent=5184"}],"curies":[{"name":"wp","href":"https:\/\/api.w.org\/{rel}","templated":true}]}}